-3)?
5
Let a be 4/(-5)*(-30)/4. Let s = 0 + a. Let x(t) = 4 + 3 + 2*t - s. What is x(1)?
3
Let p be (4 - 2)*(-5)/(-2). Let u(v) be the first derivative of v**4/8 - 2*v**3/3 - 9*v**2/2 - 4. Let s(f) be the second derivative of u(f). Determine s(p).
11
Suppose 7 - 2 = 5*i. Let m = i - -1. Let p(k) = k**2 - 3*k + 3. What is p(m)?
1
Let f(k) = -7*k**3 + k. Let z be f(-1). Let g(v) be the second derivative of 3*v - 1/12*v**4 + v**3 + 0*v**2 + 0. Calculate g(z).
0
Let b(i) = -i**2. Suppose 0 = 4*t - 3 + 19. Let r(a) = -3*a**2 - 6*a + 7. Let m(f) = t*b(f) + r(f). Calculate m(5).
2
Let i be 3/3 - (-2)/1. Let k(c) = c**2 + i - 13 + 7 - 3 - 5*c. Determine k(6).
0
Let b(a) = 5*a + a + 2 + a**2 - 6 - 3*a. Determine b(-3).
-4
Let u(a) = -a + 2. Let b be u(-3). Let t(c) = c**2 + 0 + 0 + 0*c**2 - 4 - b*c. Give t(3).
-10
Let h(r) = 7*r**2 + 12*r + 12. Let b(s) = 8*s**2 + 13*s + 13. Let p(i) = 6*b(i) - 7*h(i). Calculate p(-4).
2
Let z(k) = k**2 - k - 5. Let a be (-6)/(-21) - (-6)/(-21). Let c = 0 + a. Determine z(c).
-5
Let g(d) be the second derivative of 0 - 1/12*d**4 - 5/6*d**3 - 1/2*d**2 - 7*d. Calculate g(-5).
-1
Let u(j) = j**3 + 5*j**2 - 4. Let x(r) = -r**3 - 5*r**2 + 4. Let h(y) = -4*u(y) - 5*x(y). What is h(-5)?
-4
Let z(k) = k**2 + 4*k. Let s(t) = 4*t - 47. Let c be s(11). Determine z(c).
-3
Let y(a) = a**3 + 5*a**2 + 4*a. Let l be y(-4). Let m(c) be the first derivative of -c**4/4 + c**3/3 + c**2/2 + 3*c + 2. What is m(l)?
3
Let h(k) = 2*k**2. Let w = 5 - 5. Let n(d) = d**3 - 1. Let o be n(w). Give h(o).
2
Let w(j) be the second derivative of -2*j**3 + j**2/2 - 19*j. Give w(-1).
13
Let h = -9 + 15. Let z be (-8)/12 + (-2)/h. Let p(k) = 10*k - 12 + 11 - 3*k. Determine p(z).
-8
Let s = 12 - 9. Let r = 2 - 2. Let x(d) = 16*d + s + r - 18*d. Give x(2).
-1
Let b(m) = m**3 + 0*m**2 + 2*m**2 + 12*m + 4*m**2 - 4 - 9*m. What is b(-5)?
6
Let m(v) = 5 + 3 + 2 + v**2 - 6*v - 5. Give m(4).
-3
Let q(z) = -2*z**2 - 3*z + 3*z**2 + z + z**3 + 0*z**2. Let i be q(-2). Suppose 5*w + 0*w + 10 = i. Let a(t) = t**2 + 2*t + 2. Give a(w).
2
Let c(q) = q**3 + 4*q**2 + 3*q + 2. Let x be c(-2). Let m(i) = i**3 - x*i + 3*i + 0*i - 4 - 3*i**2 + 0*i. Give m(4).
8
Let d(z) = z**3 - 8*z**2 + 8*z - 3. Suppose v = -s + 10, 2*v - 2 = 3*s + 13. Let r = v - 2. What is d(r)?
4
Let u(w) = -5*w**2 - w + 2. Let f be 2*(22/(-4) + 4). Let t(c) = -4*c**2 - c + 2. Let a(l) = f*t(l) + 2*u(l). What is a(2)?
8
Let v(u) = -u**3 + 2*u**2 + u + 1. Let n be v(3). Let l(p) be the third derivative of p**4/24 + 7*p**3/6 + 6*p**2. Determine l(n).
2
Let w(r) be the third derivative of -1/3*r**4 - 2*r**2 + 0*r - 1/6*r**3 + 0. What is w(-1)?
7
Let v(x) = -x**2 + 4*x - 3. Let i = 27 - 26. Let l = i + 4. What is v(l)?
-8
Let i(c) be the first derivative of c**3/3 + c**2/2 + 2*c + 1. What is i(-2)?
4
Let w(o) = 2*o - 6. Let f be (-2 + 1)/(2/(-10)). Let q = 0 + 0. Let v = q + f. Determine w(v).
4
Let n(b) be the second derivative of -1/6*b**3 + 2*b + 1/2*b**2 + 0. Let l(g) = -4*g. Let m(x) = l(x) + n(x). What is m(-2)?
11
Let n(z) = z**3 + 6*z**2 - 2*z - 1. Let a(l) = -l**3 - 6*l**2 + 3*l + 1. Let j(i) = 3*a(i) + 4*n(i). Determine j(-6).
-7
Let n(g) be the first derivative of g**4/4 - 4*g**3/3 + g**2 - 6*g - 7. Determine n(4).
2
Suppose 0 = -11*g + 6*g + 25. Let q(t) = -12 - 3*t + 3*t + t. What is q(g)?
-7
Let q(l) be the first derivative of l**5/40 + l**3 - 2. Let u(r) be the third derivative of q(r). Determine u(-1).
-3
Let j = 1 - 3. Let q(i) = 3*i**2 - i - 2. Determine q(j).
12
Let s(z) = -z**3 + 3*z - 2. Let n(l) = -l - 10. Suppose -4*f + 0*f = 48. Let w be n(f). What is s(w)?
-4
Let z(h) = -h. Let p(j) = -j**2 - 9*j - 6. Let f(v) = p(v) - 4*z(v). Suppose -4*t - 14 = 10. Give f(t).
-12
Let s(k) be the third derivative of -k**6/360 - k**5/120 - k**4/24 + 4*k**2. Let y(h) be the second derivative of s(h). Give y(2).
-5
Suppose -5*u = -7*u. Let i(w) = w**3 + w**2 - w + 2. Give i(u).
2
Let d(q) = 2 + 5 + 3*q - 3 - 2*q. Let m = 3 + -6. Determine d(m).
1
Suppose -9 = 2*w - 3*p, -p = -5*w - 2 - 1. Let t(l) = 1. Let g(d) = d**2 - d. Let c(a) = -g(a) + t(a). Determine c(w).
1
Let p(g) = -g**3 + 8*g**2 - 3*g + 3. Let k(s) = -s**3 + 7*s**2 - 2*s + 3. Let u(i) = -4*k(i) + 3*p(i). Determine u(4).
-7
Let s = 1 + 3. Let i(l) = -3*l**2 - 4*l + 9*l**2 - l**2 + 6 - 8 - l**3. Calculate i(s).
-2
Let b(z) = -2*z + 14. Let s = 96 - 85. Determine b(s).
-8
Let n(v) = -5*v**2 - 7*v - 5. Let u(a) = a**2 + 1. Let o(k) = -n(k) - 4*u(k). Calculate o(-6).
-5
Let z(c) = 10*c + 1. Let x be -2*(2/4 - 1). Give z(x).
11
Let n(f) be the second derivative of f**4/12 - f**3/2 - 3*f**2/2 + 27*f. Give n(4).
1
Let n be (4/(-6))/(1/9). Let v(w) = -w - 2. Let h(o) = 2*o + 4. Let i(c) = -2*h(c) - 5*v(c). Calculate i(n).
-4
Suppose 5*x + n = -13, -4*x - 4*n - 11 - 9 = 0. Let l(y) = -1 - 1 + 3*y + y. Determine l(x).
-10
Suppose 16 = 4*w, 0*u + 4*w = 2*u + 24. Let b(p) = -128*p + 2 - p**2 - 2 + 124*p. Determine b(u).
0
Let z(s) = -s**3 - 9*s**2 - 8*s - 2. Let r be z(-8). Let x(q) = -2*q**2 - 2*q + 1. Calculate x(r).
-3
Let b(j) = -5*j**2 + 1. Let y be ((-3)/(-9))/(2/12). Suppose -w - y = -1. Give b(w).
-4
Let i(m) = -3*m + 11. Let w be i(6). Let q(y) = y - 1. Determine q(w).
-8
Let t(k) = 0*k + 3*k - 7 + 9. Determine t(-6).
-16
Let v(y) = y - 1. Let n be (9/6)/(1/2). Suppose -n*r = 2*r. Determine v(r).
-1
Suppose 47*k = 44*k - 3. Let f(c) = 1 + 7*c + 0 + 4*c. Determine f(k).
-10
Let j(m) = 5*m**2 - 6. Let s(b) = -b**2 - b + 1. Suppose 21 = -z + 6*y - y, -3*y = z - 3. Let d(p) = z*s(p) - j(p). Let k = -1 - 5. Determine d(k).
0
Let a(d) be the third derivative of d**4/12 + d**3/2 - 5*d**2. Calculate a(-2).
-1
Let o(l) be the first derivative of -l**5/60 + l**4/6 - l**3/3 - 1. Let r(m) be the third derivative of o(m). Determine r(5).
-6
Let u(j) be the third derivative of j**4/24 - 7*j**3/6 - j**2. Let k(q) = -9 + 5 - 9 + 2*q. Let y(g) = 3*k(g) - 5*u(g). Determine y(4).
0
Let x(p) = p**2 - p + 1. Suppose 4 = -3*b - b. Suppose -3 = 3*j - 18. Let c(g) = 6*g**2 - 7*g + 5. Let d(a) = b*c(a) + j*x(a). Determine d(3).
-3
Let j(l) = -l**3 + 6*l**2 + 2*l + 7. Let o be j(6). Suppose -3*q + 5*s = o, s + 2 - 7 = q. Let c(r) = -2*r**2 + r + 2. What is c(q)?
-19
Let k(h) = h**2 - 10*h - 3. Suppose -6*a - 10 = -a, n = a + 12. Let o be k(n). Let c(i) = -4*i + 4*i - 2 - i. What is c(o)?
1
Let g(y) = -y**3 - 3*y**2 - y + 6. Let z(c) = -1. Let l(q) = g(q) + 4*z(q). Suppose 0*f = 4*f - 16. Let x = f - 6. Determine l(x).
0
Let t(w) = w + 1. Let j = 0 + -1. Let i be j/2 - (-36)/8. What is t(i)?
5
Let p(i) = i - 3 - 5 - 4 - 4*i**2 + 6. Let s = -6 - -2. Let t(q) = -3*q**2 + q - 5. Let y(a) = s*p(a) + 5*t(a). What is y(-2)?
1
Let b(c) be the first derivative of -c**4/24 + 5*c**3/3 - c**2 + 3. Let f(a) be the second derivative of b(a). Calculate f(0).
10
Let v(s) be the second derivative of 0*s**2 - 2/3*s**3 + 0*s**4 + 0 - 1/40*s**5 - 2*s. Let a(z) be the second derivative of v(z). What is a(2)?
-6
Suppose 5*d - 5*v = -v + 19, -5*v = -d + 8. Suppose 2*c - c - 5*p + 16 = 0, -8 = d*c - 5*p. Let r(z) = -2*z - z - c + 2*z. Give r(-4).
0
Let z = -32 + 34. Let d(y) = -y**2 + y - 1. Give d(z).
-3
Let k(n) = n**2 - 11 + 12 + 2*n - 2*n**2 + 0*n. What is k(4)?
-7
Let x = -8 - -3. Let u(i) = -i**3 - 4*i**2 + 5*i + 5. Let z be u(x). Let o(k) = -k + 7. What is o(z)?
2
Suppose 6*k = 3*k + 18. Suppose -4*x + k = -18. Let v(q) = -x*q**3 - q**2 + q + 3*q + 2 + q**3 + 4*q**3. Give v(-3).
8
Let p(b) = -b. Let a be p(-5). Let k(i) = i + 2*i - 2*i + a. Suppose 0 = -d + 6*d. Calculate k(d).
5
Let j be (-1 + -2)*(-2)/3. Let w(k) = 0 + j*k**2 - k**2 - 2*k - 4. Let b be 1 - (21/(-9) - 1/(-3)). Calculate w(b).
-1
Let y(z) = z**3 + 5*z**2 + z - 7. Suppose -4*o = -5*d, -5*o - 3*d - 32 - 5 = 0. Determine y(o).
-12
Let a(m) = m**2 - 1. Let p be a(2). Let t(k) = 5*k + 0*k**2 + 2 + 2*k**2 - 3*k + p*k. Determine t(-3).
5
Let m(p) be the second derivative of -p**4/12 - p**3 - 6*p. Calculate m(-5).
5
Let a(p) be the second derivative of 1/20*p**5 + 0 + 3*p - 5/12*p**4 - 1/6*p**3 + 7/2*p**2. Determine a(5).
2
Let l(u) = -u**2 - 3*u - 3. Let s be l(-3). Let a(n) = -26*n + 3. Let z(j) = -14*j + 2. Let t(h) = -6*a(h) + 11*z(h). What is t(s)?
-2
Let b(p) be the first derivative of -p**3/3 - 2*p**2 + p - 4. Let i be